{"id":356,"date":"2026-02-03T16:12:58","date_gmt":"2026-02-03T16:12:58","guid":{"rendered":"https:\/\/nataleautronic.com\/nuovo\/product\/dragy-gps-performance-box\/"},"modified":"2026-05-05T10:33:34","modified_gmt":"2026-05-05T10:33:34","slug":"dragy-gps-performance-box","status":"publish","type":"product","link":"https:\/\/nataleautronic.com\/nuovo\/shop\/dragy-gps-performance-box\/","title":{"rendered":"Dragy GPS Performance Box"},"content":{"rendered":"","protected":false},"excerpt":{"rendered":"<p class=\"desc\"><span>Dragy utilizza i satelliti GPS ad alta velocit\u00e0 per misurare con precisione le prestazioni dei tuoi veicoli entro 1\/100 di secondo.\u00a0Il software Dragy traccia automaticamente la pendenza su tutti i timeslip che puoi quindi pubblicare su forum o social media, condividere con gli amici o persino caricare nella classifica di Dragy.\u00a0Il box Dragy \u00e8 estremamente compatto a 1&#8243; x 3&#8243; (25,4 mm x 76,2 mm) e pu\u00f2 essere posizionato sul cruscotto durante il test e riposto nel vano portaoggetti o nella console centrale quando non \u00e8 in uso.<\/span><\/p>\n<p class=\"desc\"><span>Le corse vengono salvate sia in formato metrico che SAE, consentendo confronti di 100-200 kmh e tutti gli equivalenti metrici.\u00a0Puoi anche definire le tue finestre di prestazioni per misurare sia le velocit\u00e0 di trappola che\/o i tempi trascorsi, il tempo per frenare le prestazioni come 100-0 e molto altro.<\/span><\/p>\n<p class=\"desc\"><span>Il sistema pu\u00f2 essere eseguito contemporaneamente con JB4 Mobile e altre app Bluetooth.\u00a0Richiede l&#8217;app Dragy che \u00e8 disponibile gratuitamente sia per iOS che per Android.<\/span><\/p>\n<p><span class=\"specs-caption ft-bld\"><span>Caratteristiche:<\/span><\/span><\/p>\n<ul class=\"specs\">\n<li><span>Misura l&#8217;accelerazione (0-100 kmh, 100-200 kmh, 1\/4 di miglio e altro)<\/span><\/li>\n<li><span>Misurazione del tempo di frenata (100-0kmh, 200-0kmh e molto altro)<\/span><\/li>\n<li><span>Tempo sul giro (disponibile a breve)<\/span><\/li>\n<li><span>Misurazione della forza G<\/span><\/li>\n<li><span>Elenco dei punteggi ordinati per produttore<\/span><\/li>\n<li><span>Dragy<\/span><\/li>\n<li><span>Trascina e rilascia video<\/span><\/li>\n<li><span>Profilo (garage, foto profilo e molto altro)<\/span><\/li>\n<\/ul>\n<p><span class=\"specs-caption ft-bld\"><span>Contenuto della confezione:<\/span><\/span><\/p>\n<ul class=\"specs\">\n<li><span>Dragy Performance Box Lap e accelerometro<\/span><\/li>\n<li><span>Cavo di ricarica USB<\/span><\/li>\n<li><span>2 piastre metalliche e striscia adesiva 3M<\/span><\/li>\n<li><span>Manuale<\/span><\/li>\n<\/ul>\n<p><span class=\"specs-caption ft-bld\"><span>Dati tecnici:<\/span><\/span><\/p>\n<ul class=\"specs\">\n<li><span>\u00c8 richiesto un dispositivo iOS (8.0) o Android (4.4).<\/span><\/li>\n<li><span>Sistema di unit\u00e0 metriche (km\/h) supportato<\/span><\/li>\n<li><span>Tipo di connessione: Bluetooth 4.0<\/span><\/li>\n<li><span>Supporta GPS e GLONASS<\/span><\/li>\n<li><span>Durata della batteria: fino a 10 ore<\/span><\/li>\n<li><span>Dimensioni: 30 x 80 x 15 mm<\/span><\/li>\n<\/ul>\n<p>&nbsp;<\/p>\n","protected":false},"featured_media":357,"comment_status":"closed","ping_status":"closed","template":"","meta":{"inline_featured_image":false},"product_brand":[19,50],"product_cat":[43],"product_tag":[],"class_list":{"0":"post-356","1":"product","2":"type-product","3":"status-publish","4":"has-post-thumbnail","6":"product_brand-alientech","7":"product_brand-autotuner","8":"product_cat-alientech-accessori","10":"first","11":"instock","12":"purchasable","13":"product-type-simple"},"_links":{"self":[{"href":"https:\/\/nataleautronic.com\/nuovo\/wp-json\/wp\/v2\/product\/356","targetHints":{"allow":["GET"]}}],"collection":[{"href":"https:\/\/nataleautronic.com\/nuovo\/wp-json\/wp\/v2\/product"}],"about":[{"href":"https:\/\/nataleautronic.com\/nuovo\/wp-json\/wp\/v2\/types\/product"}],"replies":[{"embeddable":true,"href":"https:\/\/nataleautronic.com\/nuovo\/wp-json\/wp\/v2\/comments?post=356"}],"wp:featuredmedia":[{"embeddable":true,"href":"https:\/\/nataleautronic.com\/nuovo\/wp-json\/wp\/v2\/media\/357"}],"wp:attachment":[{"href":"https:\/\/nataleautronic.com\/nuovo\/wp-json\/wp\/v2\/media?parent=356"}],"wp:term":[{"taxonomy":"product_brand","embeddable":true,"href":"https:\/\/nataleautronic.com\/nuovo\/wp-json\/wp\/v2\/product_brand?post=356"},{"taxonomy":"product_cat","embeddable":true,"href":"https:\/\/nataleautronic.com\/nuovo\/wp-json\/wp\/v2\/product_cat?post=356"},{"taxonomy":"product_tag","embeddable":true,"href":"https:\/\/nataleautronic.com\/nuovo\/wp-json\/wp\/v2\/product_tag?post=356"}],"curies":[{"name":"wp","href":"https:\/\/api.w.org\/{rel}","templated":true}]}}