{"id":302,"date":"2026-02-03T16:10:37","date_gmt":"2026-02-03T16:10:37","guid":{"rendered":"https:\/\/nataleautronic.com\/nuovo\/product\/stazione-di-ricarica-mxts-40-eu\/"},"modified":"2026-05-05T10:33:35","modified_gmt":"2026-05-05T10:33:35","slug":"stazione-di-ricarica-mxts-40-eu","status":"publish","type":"product","link":"https:\/\/nataleautronic.com\/nuovo\/shop\/stazione-di-ricarica-mxts-40-eu\/","title":{"rendered":"Stazione di ricarica MXTS 40 EU"},"content":{"rendered":"<p>Stazione di ricarica a 12 e 24 V per officine e concessionarie<\/p>\n<p>L&#8217;MXTS 40 ha un&#8217;erogazione sia da 40A\/12V che da 20A\/24V e offre impostazioni selezionabili di tensione costante, per evitare danni alle centraline elettroniche dovuti a fluttuazioni di tensione durante la programmazione. Oltre al display di avanzamento della ricarica in 8 fasi, l&#8217;MXTS 40 ha anche un display a LED di facile lettura per fornire chiare letture dei principali parametri di carica, inclusa la corrente, la tensione e gli ampere caricati. Include una modalit\u00e0 di ricondizionamento per ricondizionare le batterie molto scariche e un sensore di temperatura che ottimizza la ricarica a prescindere dalle condizioni ambientali. L&#8217;MXTS 40 \u00e8 progettato per proteggere i sistemi elettronici del veicolo ed \u00e8 alloggiato in un robusto involucro in policarbonato per ambienti difficili. Pu\u00f2 essere utilizzato con il supporto a muro Wall Hanger Pro e il carrello Trolley Pro opzionali per conservazione sicura e massima portabilit\u00e0.<\/p>\n<p>Caratteristiche<\/p>\n<ul class=\"tab__content__list\">\n<li class=\"tab__content__list__item\">Ricarica veloce multifase elettronicamente sicura<\/li>\n<li class=\"tab__content__list__item\">Uscita 40A\/12V e 20A\/24V<\/li>\n<li class=\"tab__content__list__item\">Classe di protezione IP20<\/li>\n<li class=\"tab__content__list__item\">Funzionamento sicuro a prova di scintille<\/li>\n<li class=\"tab__content__list__item\">A prova di inversione di polarit\u00e0<\/li>\n<li class=\"tab__content__list__item\">A prova di cortocircuito<\/li>\n<li class=\"tab__content__list__item\">Garanzia di 2 anni<\/li>\n<\/ul>\n","protected":false},"excerpt":{"rendered":"<p>L&#8217;MXTS 40 \u00e8 la stazione di carica, mantenimento e supporto delle batterie in un unico dispositivo indispensabile per officine e showroom con veicoli a 12V e 24V. \u00c8 facile da utilizzare ed elettronicamente sicura, con una ricarica veloce per tutti i tipi di batterie.<\/p>\n","protected":false},"featured_media":303,"comment_status":"closed","ping_status":"closed","template":"","meta":{"inline_featured_image":false},"product_brand":[19],"product_cat":[43],"product_tag":[],"class_list":{"0":"post-302","1":"product","2":"type-product","3":"status-publish","4":"has-post-thumbnail","6":"product_brand-alientech","7":"product_cat-alientech-accessori","9":"first","10":"instock","11":"purchasable","12":"product-type-simple"},"_links":{"self":[{"href":"https:\/\/nataleautronic.com\/nuovo\/wp-json\/wp\/v2\/product\/302","targetHints":{"allow":["GET"]}}],"collection":[{"href":"https:\/\/nataleautronic.com\/nuovo\/wp-json\/wp\/v2\/product"}],"about":[{"href":"https:\/\/nataleautronic.com\/nuovo\/wp-json\/wp\/v2\/types\/product"}],"replies":[{"embeddable":true,"href":"https:\/\/nataleautronic.com\/nuovo\/wp-json\/wp\/v2\/comments?post=302"}],"wp:featuredmedia":[{"embeddable":true,"href":"https:\/\/nataleautronic.com\/nuovo\/wp-json\/wp\/v2\/media\/303"}],"wp:attachment":[{"href":"https:\/\/nataleautronic.com\/nuovo\/wp-json\/wp\/v2\/media?parent=302"}],"wp:term":[{"taxonomy":"product_brand","embeddable":true,"href":"https:\/\/nataleautronic.com\/nuovo\/wp-json\/wp\/v2\/product_brand?post=302"},{"taxonomy":"product_cat","embeddable":true,"href":"https:\/\/nataleautronic.com\/nuovo\/wp-json\/wp\/v2\/product_cat?post=302"},{"taxonomy":"product_tag","embeddable":true,"href":"https:\/\/nataleautronic.com\/nuovo\/wp-json\/wp\/v2\/product_tag?post=302"}],"curies":[{"name":"wp","href":"https:\/\/api.w.org\/{rel}","templated":true}]}}